hat are the prime factors of 450009?
3, 7, 2381
What are the prime factors of 1161664?
2, 7, 2593
List the prime factors of 1560585.
3, 5, 13, 53, 151
What are the prime factors of 20435484?
2, 3, 599, 2843
What are the prime factors of 3975?
3, 5, 53
List the prime factors of 1379246.
2, 11, 71, 883
What are the prime factors of 5481746?
2, 569, 4817
What are the prime factors of 3683442?
2, 3, 7, 87701
List the prime factors of 1796635.
5, 359327
What are the prime factors of 2807982?
2, 3, 257, 607
List the prime factors of 34323.
3, 17, 673
What are the prime factors of 717680?
2, 5, 8971
List the prime factors of 2746119.
3, 79, 11587
List the prime factors of 37643.
37643
List the prime factors of 181825.
5, 7, 1039
What are the prime factors of 196830?
2, 3, 5
List the prime factors of 4222577.
4222577
List the prime factors of 195692.
2, 7, 29, 241
List the prime factors of 1374833.
1374833
What are the prime factors of 102994?
2, 23, 2239
What are the prime factors of 252286?
2, 126143
What are the prime factors of 953909?
11, 86719
What are the prime factors of 3153386?
2, 1576693
What are the prime factors of 15895222?
2, 7, 89, 12757
What are the prime factors of 1108084?
2, 277021
What are the prime factors of 14655241?
17, 239, 3607
List the prime factors of 155261.
17, 9133
List the prime factors of 1082520.
2, 3, 5, 31, 97
List the prime factors of 1505479.
41, 73, 503
List the prime factors of 4932726.
2, 3, 29, 28349
List the prime factors of 501103.
501103
List the prime factors of 678335.
5, 7, 19381
What are the prime factors of 2129117?
137, 15541
What are the prime factors of 3148176?
2, 3, 65587
List the prime factors of 247987.
53, 4679
List the prime factors of 2696.
2, 337
What are the prime factors of 684056?
2, 37, 2311
List the prime factors of 28199215.
5, 11, 512713
List the prime factors of 257045.
5, 101, 509
What are the prime factors of 220380?
2, 3, 5, 3673
List the prime factors of 399634.
2, 211, 947
What are the prime factors of 60106?
2, 41, 733
List the prime factors of 1051101.
3, 116789
List the prime factors of 5479948.
2, 173, 7919
List the prime factors of 3244828.
2, 811207
List the prime factors of 1243473.
3, 7, 11, 769
List the prime factors of 4746449.
193, 24593
What are the prime factors of 650979?
3, 7, 10333
List the prime factors of 10742144.
2, 7, 19, 631
List the prime factors of 430328.
2, 53791
What are the prime factors of 441981?
3, 49109
List the prime factors of 173155.
5, 34631
What are the prime factors of 2725463?
13, 16127
List the prime factors of 11778647.
11778647
What are the prime factors of 13119320?
2, 5, 327983
List the prime factors of 152727.
3, 50909
List the prime factors of 1188080.
2, 5, 14851
What are the prime factors of 596143?
596143
What are the prime factors of 2422412?
2, 605603
What are the prime factors of 522106?
2, 13, 43, 467
What are the prime factors of 8541798?
2, 3, 53, 26861
List the prime factors of 251931.
3, 79, 1063
List the prime factors of 315907.
315907
List the prime factors of 255695.
5, 11, 4649
What are the prime factors of 9791353?
11, 13, 23, 229
What are the prime factors of 10370295?
3, 5, 13, 19, 311
What are the prime factors of 958693?
958693
List the prime factors of 854611.
23, 73, 509
List the prime factors of 12000879.
3, 11, 13469
What are the prime factors of 457044?
2, 3, 7, 5441
List the prime factors of 386090.
2, 5, 38609
List the prime factors of 2187178.
2, 7, 156227
List the prime factors of 33615765.
3, 5, 23, 32479
What are the prime factors of 369010?
2, 5, 36901
List the prime factors of 9248873.
101, 91573
List the prime factors of 1325679.
3, 163, 2711
List the prime factors of 1536887.
11, 31, 4507
What are the prime factors of 3997155?
3, 5, 266477
List the prime factors of 2185945.
5, 17, 25717
What are the prime factors of 350765?
5, 31, 73
List the prime factors of 1446635.
5, 53, 103
What are the prime factors of 394915?
5, 19, 4157
List the prime factors of 13243.
17, 19, 41
List the prime factors of 2448009.
3, 71, 1277
What are the prime factors of 145779?
3, 48593
What are the prime factors of 2133365?
5, 13, 23, 1427
What are the prime factors of 89005?
5, 7, 2543
What are the prime factors of 36093?
3, 53, 227
List the prime factors of 2312170.
2, 5, 7, 17, 29, 67
What are the prime factors of 5964678?
2, 3, 4091
What are the prime factors of 219764?
2, 54941
List the prime factors of 2179314.
2, 3, 41, 2953
List the prime factors of 251953.
13, 19381
What are the prime factors of 12472380?
2, 3, 5, 7699
List the prime factors of 31821.
3, 10607
What are the prime factors of 729000?
2, 3, 5
List the prime factors of 7291230.
2, 3, 5, 23, 10567
What are the prime factors of 3423214?
2, 691, 2477
List the prime factors of 16144812.
2, 3, 149489
What are the prime factors of 13160248?
2, 127, 12953
List the prime factors of 500703.
3, 7, 113, 211
List the prime factors of 900048.
2, 3, 17, 1103
List the prime factors of 112485.
3, 5, 7499
What are the prime factors of 156212?
2, 7, 797
What are the prime factors of 1749559?
7, 109, 2293
What are the prime factors of 353274?
2, 3, 97, 607
What are the prime factors of 554074?
2, 29, 41, 233
List the prime factors of 268348.
2, 73, 919
What are the prime factors of 15419371?
11, 1401761
List the prime factors of 16015640.
2, 5, 400391
List the prime factors of 47492.
2, 31, 383
List the prime factors of 178858.
2, 37, 2417
List the prime factors of 407781.
3, 11, 1373
What are the prime factors of 210392?
2, 7, 13, 17
List the prime factors of 124425.
3, 5, 7, 79
List the prime factors of 1192154.
2, 59, 10103
What are the prime factors of 4274966?
2, 2137483
What are the prime factors of 1155161?
7, 59, 2797
List the prime factors of 1184828.
2, 67, 4421
What are the prime factors of 19023802?
2, 7, 43, 31601
List the prime factors of 290025.
3, 5, 1289
List the prime factors of 592718.
2, 7, 42337
List the prime factors of 3917578.
2, 7, 461, 607
What are the prime factors of 4045582?
2, 2022791
List the prime factors of 116922.
2, 3, 13, 1499
List the prime factors of 5536284.
2, 3, 13, 23, 1543
List the prime factors of 264293.
23, 11491
List the prime factors of 5373060.
2, 3, 5, 7, 11, 1163
What are the prime factors of 1123332?
2, 3, 7, 43, 311
List the prime factors of 1722546.
2, 3, 7, 31
List the prime factors of 716523.
3, 238841
What are the prime factors of 486145?
5, 11, 8839
What are the prime factors of 138022?
2, 69011
List the prime factors of 1656412.
2, 17, 24359
What are the prime factors of 317307?
3, 105769
List the prime factors of 747573.
3, 211, 1181
List the prime factors of 3884894.
2, 13, 149419
List the prime factors of 274564.
2, 83, 827
What are the prime factors of 23765725?
5, 353, 2693
What are the prime factors of 446821?
23, 19427
List the prime factors of 792285.
3, 5, 13, 17, 239
List the prime factors of 89572.
2, 7, 457
What are the prime factors of 252186?
2, 3, 11, 3821
What are the prime factors of 272598?
2, 3, 45433
List the prime factors of 307352.
2, 103, 373
List the prime factors of 1283080.
2, 5, 32077
What are the prime factors of 3399846?
2, 3, 83, 6827
List the prime factors of 3129617.
3129617
What are the prime factors of 177369?
3, 59123
What are the prime factors of 3048561?
3, 47, 7207
What are the prime factors of 2917045?
5, 583409
What are the prime factors of 16152137?
827, 19531
What are the prime factors of 2155203?
3, 43, 5569
What are the prime factors of 486281?
486281
List the prime factors of 177473.
177473
List the prime factors of 4439528.
2, 167, 3323
List the prime factors of 47354.
2, 23677
What are the prime factors of 30438908?
2, 17, 461, 971
What are the prime factors of 839936?
2, 17, 193
List the prime factors of 152907.
3, 50969
List the prime factors of 4489864.
2, 677, 829
What are the prime factors of 2130581?
2130581
What are the prime factors of 1365730?
2, 5, 136573
What are the prime factors of 275406?
2, 3, 197, 233
What are the prime factors of 162652?
2, 7, 37, 157
List the prime factors of 751239.
3, 83471
List the prime factors of 3431464.
2, 257, 1669
List the prime factors of 11411419.
19, 600601
What are the prime factors of 195132?
2, 3, 7, 23, 101
Wh